{"id":31,"date":"2026-03-09T12:24:25","date_gmt":"2026-03-09T11:24:25","guid":{"rendered":"http:\/\/imdtsgr.cluster100.hosting.ovh.net\/index.php\/o-projekcie\/"},"modified":"2026-03-13T14:19:03","modified_gmt":"2026-03-13T13:19:03","slug":"o-projekcie","status":"publish","type":"page","link":"https:\/\/sadzimylasy.org\/index.php\/o-projekcie\/","title":{"rendered":"O projekcie"},"content":{"rendered":"\t\t<div data-elementor-type=\"wp-page\" data-elementor-id=\"31\" class=\"elementor elementor-31\">\n\t\t\t\t<div class=\"elementor-element elementor-element-013f7b0 e-flex e-con-boxed e-con e-parent\" data-id=\"013f7b0\" data-element_type=\"container\" data-e-type=\"container\">\n\t\t\t\t\t<div class=\"e-con-inner\">\n\t\t\t\t<div class=\"elementor-element elementor-element-830cded elementor-widget elementor-widget-html\" data-id=\"830cded\" data-element_type=\"widget\" data-e-type=\"widget\" data-widget_type=\"html.default\">\n\t\t\t\t\t\n<style>\n\/* \u2550\u2550 FULLWIDTH \u2550\u2550 *\/\n#sl-op{\n  position:relative;\n  width:100vw;\n  left:50%;\n  margin-left:-50vw;\n}\n#sl-op*,#sl-op *::before,#sl-op *::after{box-sizing:border-box;margin:0;padding:0}\n#sl-op{\n  --g:#3a8018;--gl:#7ec850;--gp:#c8f09a;--w:#fff;--bg:#f4f1ec;\n  --txt:#1a2a14;--mut:#607050;--bdr:rgba(58,128,24,.12);\n  font-family:'Segoe UI',system-ui,Arial,sans-serif;\n  color:var(--txt);background:var(--bg);overflow-x:hidden;\n}\n\n\/* reveal *\/\n.op-r  {opacity:0;transform:translateY(28px); transition:opacity .8s,transform .8s}\n.op-rl {opacity:0;transform:translateX(-28px);transition:opacity .8s,transform .8s}\n.op-rr {opacity:0;transform:translateX(28px); transition:opacity .8s,transform .8s}\n.op-r.on,.op-rl.on,.op-rr.on{opacity:1;transform:none}\n\n.op-w{max-width:1280px;margin:0 auto;padding:0 5rem}\n\n\/* label *\/\n.op-lbl{font-size:.6rem;font-weight:700;letter-spacing:.26em;text-transform:uppercase;color:var(--g);display:flex;align-items:center;gap:.5rem;margin-bottom:1rem}\n.op-lbl::before{content:'';display:block;width:20px;height:1.5px;background:var(--g)}\nh2.op-h{font-size:clamp(2rem,3.5vw,2.8rem);font-weight:900;letter-spacing:-.025em;line-height:1.1;color:var(--txt);margin-bottom:1.4rem}\nh2.op-h span{color:var(--g)}\nh3.op-sh{font-size:1.1rem;font-weight:800;color:var(--txt);margin-bottom:.8rem;line-height:1.3}\n\n\/* button *\/\n.btn-p{display:inline-flex;align-items:center;padding:1.05rem 2.4rem;background:var(--g);color:#fff;font-size:1rem;font-weight:700;letter-spacing:.03em;text-decoration:none;border-radius:10px;border:2px solid var(--g);box-shadow:0 4px 18px rgba(58,128,24,.28);transition:background .2s,transform .2s;white-space:nowrap}\n.btn-p:hover{background:#2c6610;border-color:#2c6610;transform:translateY(-2px)}\n\n\/* \u2550\u2550 HERO BANNER \u2550\u2550 *\/\n#op-hero{\n  position:relative;width:100%;min-height:52vh;\n  display:flex;align-items:center;overflow:hidden;\n  background:linear-gradient(112deg,#0a1e09 0%,#1a4a10 55%,#0d2b0a 100%);\n}\n#op-hero::before{\n  content:'';position:absolute;inset:0;\n  background:url('https:\/\/sadzimylasy.org\/wp-content\/uploads\/2026\/03\/pexels-luisdelrio-15286.jpg') center\/cover no-repeat;\n  opacity:.22;\n}\n.op-hero-in{\n  position:relative;z-index:2;\n  max-width:1280px;margin:0 auto;padding:6rem 5rem;width:100%;\n}\n.op-eyebrow{display:inline-flex;align-items:center;gap:.6rem;font-size:.6rem;font-weight:700;letter-spacing:.26em;text-transform:uppercase;color:var(--gl);margin-bottom:1.4rem;animation:opup .8s .1s both}\n.op-eyebrow::before{content:'';display:block;width:20px;height:1.5px;background:var(--gl)}\n#op-hero h1{font-size:clamp(2.6rem,5vw,4.2rem);font-weight:900;line-height:1.06;letter-spacing:-.03em;color:#fff;max-width:680px;animation:opup .9s .3s both}\n#op-hero h1 em{font-style:normal;color:var(--gp)}\n\n\/* \u2550\u2550 INTRO \u2550\u2550 *\/\n#op-intro{background:var(--w);padding:7rem 0}\n.op-intro-in{display:grid;grid-template-columns:1fr 1fr;gap:7rem;align-items:center}\n.op-intro-img{position:relative;border-radius:20px;overflow:hidden;box-shadow:0 20px 60px rgba(0,0,0,.1)}\n.op-intro-img img{width:100%;height:480px;object-fit:cover;display:block}\n.op-intro-badge{position:absolute;top:1.5rem;left:1.5rem;background:var(--g);color:#fff;font-size:.6rem;font-weight:700;letter-spacing:.2em;text-transform:uppercase;padding:.45rem 1rem;border-radius:20px}\n.op-intro-t p{font-size:1rem;line-height:1.84;color:var(--mut);margin-bottom:1rem}\n.op-intro-t strong{color:var(--txt)}\n\n\/* \u2550\u2550 SEKCJE \u2014 karty \u2550\u2550 *\/\n#op-cards{background:var(--bg);padding:7rem 0}\n.op-cards-grid{display:grid;grid-template-columns:1fr 1fr;gap:2rem}\n.op-card{\n  background:var(--w);border-radius:18px;\n  padding:2.4rem 2.6rem;\n  border:1px solid var(--bdr);\n  border-left:4px solid var(--g);\n  transition:transform .3s,box-shadow .3s;\n}\n.op-card:hover{transform:translateY(-4px);box-shadow:0 12px 40px rgba(0,0,0,.08)}\n.op-card-ico{width:48px;height:48px;border-radius:12px;background:rgba(58,128,24,.08);display:flex;align-items:center;justify-content:center;font-size:1.4rem;margin-bottom:1.4rem}\n.op-card p{font-size:.96rem;line-height:1.8;color:var(--mut)}\n\n\/* \u2550\u2550 MISJA \u2014 ciemna \u2550\u2550 *\/\n#op-mission{\n  background:linear-gradient(140deg,#0a1e09 0%,#1c4e10 55%,#0d2b0a 100%);\n  padding:7rem 0;position:relative;overflow:hidden;\n}\n#op-mission::before{content:'';position:absolute;inset:0;background:radial-gradient(ellipse 70% 60% at 60% 50%,rgba(126,200,80,.07) 0%,transparent 70%);pointer-events:none}\n.op-miss-in{display:grid;grid-template-columns:1fr 1fr;gap:7rem;align-items:center}\n.op-miss-txt h2{color:#fff}\n.op-miss-txt h2 span{color:var(--gp)}\n.op-miss-txt p{font-size:1rem;line-height:1.84;color:rgba(255,255,255,.62);margin-bottom:1.2rem}\n.op-miss-txt .btn-p{margin-top:.8rem}\n.op-stats{display:flex;flex-direction:column;gap:1.4rem}\n.op-stat{\n  background:rgba(255,255,255,.05);\n  border:1px solid rgba(126,200,80,.12);\n  border-radius:16px;padding:1.8rem 2rem;\n  display:flex;align-items:center;gap:1.4rem;\n  transition:background .3s;\n}\n.op-stat:hover{background:rgba(255,255,255,.08)}\n.op-stat-n{font-size:2.2rem;font-weight:900;color:var(--gp);letter-spacing:-.02em;line-height:1;flex-shrink:0;min-width:5rem}\n.op-stat-l strong{display:block;font-size:.88rem;font-weight:700;color:#fff;margin-bottom:.2rem}\n.op-stat-l span{font-size:.78rem;color:rgba(255,255,255,.42)}\n\n\/* \u2550\u2550 CTA \u2550\u2550 *\/\n#op-cta{background:var(--w);padding:7rem 0}\n.op-cta-in{text-align:center;max-width:680px;margin:0 auto}\n.op-cta-in p{font-size:1.05rem;line-height:1.84;color:var(--mut);margin-bottom:2.4rem}\n.op-cta-btns{display:flex;gap:1rem;justify-content:center;flex-wrap:wrap}\n.btn-go{display:inline-flex;align-items:center;padding:1.05rem 2.4rem;background:transparent;color:var(--g);font-size:1rem;font-weight:700;text-decoration:none;border-radius:10px;border:2px solid var(--g);transition:background .2s,color .2s,transform .2s;white-space:nowrap}\n.btn-go:hover{background:var(--g);color:#fff;transform:translateY(-2px)}\n\n\/* animations *\/\n@keyframes opup{from{opacity:0;transform:translateY(18px)}to{opacity:1;transform:none}}\n\n\/* RESPONSIVE *\/\n@media(max-width:1100px){\n  .op-w,.op-hero-in{padding-left:3rem;padding-right:3rem}\n  .op-intro-in,.op-miss-in{grid-template-columns:1fr;gap:3.5rem}\n  .op-cards-grid{grid-template-columns:1fr}\n  #op-intro,#op-cards,#op-mission,#op-cta{padding:5rem 0}\n}\n@media(max-width:720px){\n  .op-w,.op-hero-in{padding-left:1.8rem;padding-right:1.8rem}\n  #op-hero{min-height:42vh}\n  .op-cta-btns{flex-direction:column;align-items:center}\n  .btn-p,.btn-go{width:100%;justify-content:center}\n}\n<\/style>\n\n<div id=\"sl-op\">\n\n<!-- \u2550\u2550 HERO \u2550\u2550 -->\n<section id=\"op-hero\">\n  <div class=\"op-hero-in\">\n    <div class=\"op-eyebrow\">Nasza misja<\/div>\n    <h1>Dlaczego chcemy<br><em>posadzi\u0107 las?<\/em><\/h1>\n  <\/div>\n<\/section>\n\n<!-- \u2550\u2550 INTRO \u2550\u2550 -->\n<section id=\"op-intro\">\n  <div class=\"op-w\">\n    <div class=\"op-intro-in\">\n      <div class=\"op-intro-img op-rl\">\n        <img decoding=\"async\" src=\"https:\/\/sadzimylasy.org\/wp-content\/uploads\/2026\/03\/pexels-maryannkariuki-4746734-scaled.jpg\" alt=\"Las\"\/>\n        <span class=\"op-intro-badge\">Od 2018 roku<\/span>\n      <\/div>\n      <div class=\"op-rr\">\n        <div class=\"op-lbl\">Od pomys\u0142u do dzia\u0142ania<\/div>\n        <h2 class=\"op-h\">Fundacja <span>Sadzimy Lasy<\/span><\/h2>\n        <div class=\"op-intro-t\">\n          <p>W 2018 roku Grupa Drewnex powo\u0142a\u0142a fundacj\u0119 <strong>SadzimyLasy.org<\/strong>, kt\u00f3rej celem jest posadzenie <strong>miliona drzew w ca\u0142ej Polsce<\/strong>. Od tego momentu nasz symboliczny las ro\u015bnie ka\u017cdego dnia \u2014 razem z lud\u017ami, kt\u00f3rzy chc\u0105 realnie wspiera\u0107 przyrod\u0119.<\/p>\n          <p>Fundacja regularnie kupuje sadzonki drzew i przekazuje je mi\u0119dzy innymi klientom tartaku jako dodatek do zakupionego drewna. Rozdajemy je r\u00f3wnie\u017c podczas targ\u00f3w bran\u017cowych, do\u017cynek, festyn\u00f3w i innych wydarze\u0144 lokalnych, zach\u0119caj\u0105c do wsp\u00f3lnego sadzenia i dbania o \u015brodowisko.<\/p>\n        <\/div>\n      <\/div>\n    <\/div>\n  <\/div>\n<\/section>\n\n<!-- \u2550\u2550 KARTY \u2550\u2550 -->\n<section id=\"op-cards\">\n  <div class=\"op-w\">\n    <div class=\"op-r\" style=\"text-align:center;margin-bottom:3.5rem\">\n      <div class=\"op-lbl\" style=\"justify-content:center\">Dlaczego to wa\u017cne<\/div>\n      <h2 class=\"op-h\">Lasy potrzebuj\u0105 <span>naszej pomocy<\/span><\/h2>\n    <\/div>\n    <div class=\"op-cards-grid\">\n\n      <div class=\"op-card op-r\">\n        <div class=\"op-card-ico\">\ud83c\udf3f<\/div>\n        <h3 class=\"op-sh\">Polska bogata przyrodniczo<\/h3>\n        <p>Polska jest krajem niezwykle bogatym przyrodniczo. Lasy s\u0105 domem dla r\u00f3\u017cnorodnej fauny i flory, a jednocze\u015bnie miejscem wa\u017cnym dla ka\u017cdego z nas \u2014 niezale\u017cnie od tego, czy mieszkamy w du\u017cym mie\u015bcie, czy na wsi.<\/p>\n      <\/div>\n\n      <div class=\"op-card op-r\" style=\"transition-delay:.1s\">\n        <div class=\"op-card-ico\">\ud83c\udfd5\ufe0f<\/div>\n        <h3 class=\"op-sh\">Przestrze\u0144 dla ludzi<\/h3>\n        <p>To w\u0142a\u015bnie lasy daj\u0105 nam przestrze\u0144 do odpoczynku, kontakt z natur\u0105 i \u015bwie\u017ce powietrze. S\u0105 nieod\u0142\u0105cznym elementem polskiego krajobrazu i kultury, miejscem spotka\u0144 rodzin i relaksu po tygodniu pracy.<\/p>\n      <\/div>\n\n      <div class=\"op-card op-r\" style=\"transition-delay:.2s\">\n        <div class=\"op-card-ico\">\u26a0\ufe0f<\/div>\n        <h3 class=\"op-sh\">Zagro\u017cenia dla las\u00f3w<\/h3>\n        <p>Wsp\u00f3\u0142czesne lasy ka\u017cdego dnia mierz\u0105 si\u0119 z wieloma zagro\u017ceniami: po\u017carami, szkodnikami, chorobami i innymi naturalnymi zaburzeniami. Dlatego chcemy aktywnie wspiera\u0107 dzia\u0142ania zwi\u0105zane z ich odbudow\u0105 i sadzeniem nowych drzew.<\/p>\n      <\/div>\n\n      <div class=\"op-card op-r\" style=\"transition-delay:.3s\">\n        <div class=\"op-card-ico\">\ud83c\udf33<\/div>\n        <h3 class=\"op-sh\">Nasza odpowied\u017a<\/h3>\n        <p>To w\u0142a\u015bnie majestatyczne, wieloletnie drzewa sprawiaj\u0105, \u017ce lasy s\u0105 tak wyj\u0105tkowe. Oczyszczaj\u0105 powietrze, wp\u0142ywaj\u0105 na klimat, chroni\u0105 gleb\u0119 i tworz\u0105 bezcenn\u0105 przestrze\u0144 \u017cycia. Polskie lasy co roku s\u0105 odnawiane \u2014 my do\u0142o\u017cyli\u015bmy w\u0142asn\u0105 cegie\u0142k\u0119.<\/p>\n      <\/div>\n\n    <\/div>\n  <\/div>\n<\/section>\n\n<!-- \u2550\u2550 MISJA + STATYSTYKI \u2550\u2550 -->\n<section id=\"op-mission\">\n  <div class=\"op-w\">\n    <div class=\"op-miss-in\">\n      <div class=\"op-miss-txt op-rl\">\n        <div class=\"op-lbl\" style=\"color:var(--gl)\">Nasze cele<\/div>\n        <h2 class=\"op-h\">Tworzymy <span>w\u0142asny las<\/span><br>dla przysz\u0142o\u015bci<\/h2>\n        <p>Postanowili\u015bmy do\u0142o\u017cy\u0107 w\u0142asn\u0105 cegie\u0142k\u0119 \u2014 tworz\u0105c nasz w\u0142asny las i zapraszaj\u0105c do tego innych. Ka\u017cda sadzonka to inwestycja w przysz\u0142o\u015b\u0107 \u2014 dla nas, dla przyrody i dla kolejnych pokole\u0144.<\/p>\n        <p>Dzia\u0142amy transparentnie i lokalnie. \u015arodki zbierane od darczy\u0144c\u00f3w trafiaj\u0105 bezpo\u015brednio na zakup sadzonek i organizacj\u0119 akcji sadzenia w ca\u0142ej Polsce.<\/p>\n        <a href=\"https:\/\/sadzimylasy.org\/index.php\/kontakt\/\" class=\"btn-p\">Wesprzyj nas<\/a>\n      <\/div>\n      <div class=\"op-stats op-rr\">\n        <div class=\"op-stat\">\n          <span class=\"op-stat-n\">1 mln<\/span>\n          <div class=\"op-stat-l\"><strong>Cel \u2014 milion drzew<\/strong><span>Tyle drzew chcemy posadzi\u0107 w ca\u0142ej Polsce<\/span><\/div>\n        <\/div>\n        <div class=\"op-stat\">\n          <span class=\"op-stat-n\">1 200<\/span>\n          <div class=\"op-stat-l\"><strong>Drzew ju\u017c zasadzonych<\/strong><span>I liczba ro\u015bnie ka\u017cdego dnia<\/span><\/div>\n        <\/div>\n        <div class=\"op-stat\">\n          <span class=\"op-stat-n\">123<\/span>\n          <div class=\"op-stat-l\"><strong>Darczy\u0144c\u00f3w<\/strong><span>Ludzie, kt\u00f3rzy uwierzyli w nasz projekt<\/span><\/div>\n        <\/div>\n        <div class=\"op-stat\">\n          <span class=\"op-stat-n\">2018<\/span>\n          <div class=\"op-stat-l\"><strong>Rok za\u0142o\u017cenia<\/strong><span>Przez Grup\u0119 Drewnex we Wroc\u0142awiu<\/span><\/div>\n        <\/div>\n      <\/div>\n    <\/div>\n  <\/div>\n<\/section>\n\n<!-- \u2550\u2550 CTA \u2550\u2550 -->\n<section id=\"op-cta\">\n  <div class=\"op-w\">\n    <div class=\"op-cta-in op-r\">\n      <div class=\"op-lbl\" style=\"justify-content:center\">Do\u0142\u0105cz do nas<\/div>\n      <h2 class=\"op-h\" style=\"text-align:center\">Razem <span>posad\u017amy las<\/span><\/h2>\n      <p>Chcesz pom\u00f3c? Mo\u017cesz wesprze\u0107 nas finansowo lub podzieli\u0107 si\u0119 nasz\u0105 misj\u0105 ze znajomymi. Ka\u017cda z\u0142ot\u00f3wka zamienia si\u0119 w sadzonk\u0119, ka\u017cda sadzonka \u2014 w drzewo na setki lat.<\/p>\n      <div class=\"op-cta-btns\">\n        <a href=\"https:\/\/sadzimylasy.org\/index.php\/kontakt\/\" class=\"btn-p\">Wesprzyj projekt<\/a>\n        <a href=\"https:\/\/sadzimylasy.org\/index.php\/blog\/\" class=\"btn-go\">Czytaj nasz blog<\/a>\n      <\/div>\n    <\/div>\n  <\/div>\n<\/section>\n\n<\/div><!-- #sl-op -->\n\n<script>\n(function(){\n  var io=new IntersectionObserver(function(e){\n    e.forEach(function(x){if(x.isIntersecting){x.target.classList.add('on');io.unobserve(x.target);}});\n  },{threshold:.1});\n  document.querySelectorAll('#sl-op .op-r,#sl-op .op-rl,#sl-op .op-rr').forEach(function(el){io.observe(el);});\n})();\n<\/script>\t\t\t\t<\/div>\n\t\t\t\t\t<\/div>\n\t\t\t\t<\/div>\n\t\t\t\t<\/div>\n\t\t","protected":false},"excerpt":{"rendered":"<p>Nasza misja Dlaczego chcemyposadzi\u0107 las? Od 2018 roku Od pomys\u0142u do dzia\u0142ania Fundacja Sadzimy Lasy W 2018 roku Grupa Drewnex powo\u0142a\u0142a fundacj\u0119 SadzimyLasy.org, kt\u00f3rej celem jest posadzenie miliona drzew w ca\u0142ej Polsce. Od tego momentu nasz symboliczny las ro\u015bnie ka\u017cdego dnia \u2014 razem z lud\u017ami, kt\u00f3rzy chc\u0105 realnie wspiera\u0107 przyrod\u0119. Fundacja regularnie kupuje sadzonki drzew [&hellip;]<\/p>\n","protected":false},"author":1,"featured_media":0,"parent":0,"menu_order":0,"comment_status":"closed","ping_status":"closed","template":"elementor_canvas","meta":{"footnotes":""},"class_list":["post-31","page","type-page","status-publish","hentry"],"_links":{"self":[{"href":"https:\/\/sadzimylasy.org\/index.php\/wp-json\/wp\/v2\/pages\/31","targetHints":{"allow":["GET"]}}],"collection":[{"href":"https:\/\/sadzimylasy.org\/index.php\/wp-json\/wp\/v2\/pages"}],"about":[{"href":"https:\/\/sadzimylasy.org\/index.php\/wp-json\/wp\/v2\/types\/page"}],"author":[{"embeddable":true,"href":"https:\/\/sadzimylasy.org\/index.php\/wp-json\/wp\/v2\/users\/1"}],"replies":[{"embeddable":true,"href":"https:\/\/sadzimylasy.org\/index.php\/wp-json\/wp\/v2\/comments?post=31"}],"version-history":[{"count":9,"href":"https:\/\/sadzimylasy.org\/index.php\/wp-json\/wp\/v2\/pages\/31\/revisions"}],"predecessor-version":[{"id":189,"href":"https:\/\/sadzimylasy.org\/index.php\/wp-json\/wp\/v2\/pages\/31\/revisions\/189"}],"wp:attachment":[{"href":"https:\/\/sadzimylasy.org\/index.php\/wp-json\/wp\/v2\/media?parent=31"}],"curies":[{"name":"wp","href":"https:\/\/api.w.org\/{rel}","templated":true}]}}